factors of 327?
3, 109
List the prime factors of 971.
971
What are the prime factors of 2969?
2969
What are the prime factors of 212?
2, 53
List the prime factors of 626.
2, 313
List the prime factors of 6.
2, 3
What are the prime factors of 2279?
43, 53
What are the prime factors of 19719?
3, 7, 313
List the prime factors of 45619.
7, 19
List the prime factors of 1105.
5, 13, 17
What are the prime factors of 36258?
2, 3, 6043
List the prime factors of 5733.
3, 7, 13
List the prime factors of 10878.
2, 3, 7, 37
What are the prime factors of 2353?
13, 181
List the prime factors of 2610.
2, 3, 5, 29
What are the prime factors of 32828?
2, 29, 283
What are the prime factors of 4550?
2, 5, 7, 13
What are the prime factors of 5384?
2, 673
What are the prime factors of 25879?
7, 3697
List the prime factors of 123718.
2, 7, 8837
List the prime factors of 50918.
2, 7, 3637
What are the prime factors of 3576?
2, 3, 149
What are the prime factors of 4939?
11, 449
What are the prime factors of 1256?
2, 157
List the prime factors of 7415.
5, 1483
List the prime factors of 14474.
2, 7237
List the prime factors of 5029.
47, 107
What are the prime factors of 5866?
2, 7, 419
What are the prime factors of 1575?
3, 5, 7
What are the prime factors of 16651?
16651
List the prime factors of 10099.
10099
List the prime factors of 26149.
79, 331
List the prime factors of 10590.
2, 3, 5, 353
What are the prime factors of 25263?
3, 7, 401
List the prime factors of 3026.
2, 17, 89
What are the prime factors of 442?
2, 13, 17
What are the prime factors of 16950?
2, 3, 5, 113
What are the prime factors of 49070?
2, 5, 7, 701
What are the prime factors of 252?
2, 3, 7
List the prime factors of 36312.
2, 3, 17, 89
What are the prime factors of 4173?
3, 13, 107
List the prime factors of 183831.
3, 29, 2113
List the prime factors of 33810.
2, 3, 5, 7, 23
List the prime factors of 1002.
2, 3, 167
What are the prime factors of 2097?
3, 233
What are the prime factors of 14198?
2, 31, 229
List the prime factors of 844.
2, 211
List the prime factors of 78915.
3, 5, 5261
What are the prime factors of 803?
11, 73
List the prime factors of 163.
163
What are the prime factors of 1543?
1543
List the prime factors of 14884.
2, 61
What are the prime factors of 4596?
2, 3, 383
List the prime factors of 180918.
2, 3, 19, 23
What are the prime factors of 1247?
29, 43
What are the prime factors of 1564?
2, 17, 23
What are the prime factors of 420?
2, 3, 5, 7
List the prime factors of 38174.
2, 19087
What are the prime factors of 4411?
11, 401
What are the prime factors of 15593?
31, 503
What are the prime factors of 2191?
7, 313
List the prime factors of 6439.
47, 137
What are the prime factors of 21389?
73, 293
What are the prime factors of 6017?
11, 547
List the prime factors of 573.
3, 191
List the prime factors of 6671.
7, 953
What are the prime factors of 1238?
2, 619
List the prime factors of 87248.
2, 7, 19, 41
What are the prime factors of 652?
2, 163
List the prime factors of 104046.
2, 3, 17341
What are the prime factors of 11879?
7, 1697
What are the prime factors of 1291?
1291
List the prime factors of 2078.
2, 1039
List the prime factors of 18937.
29, 653
List the prime factors of 38586.
2, 3, 59, 109
List the prime factors of 9382.
2, 4691
What are the prime factors of 9027?
3, 17, 59
List the prime factors of 5592.
2, 3, 233
List the prime factors of 5711.
5711
What are the prime factors of 5382?
2, 3, 13, 23
List the prime factors of 7050.
2, 3, 5, 47
What are the prime factors of 21584?
2, 19, 71
What are the prime factors of 784?
2, 7
What are the prime factors of 2460?
2, 3, 5, 41
What are the prime factors of 120574?
2, 19, 167
What are the prime factors of 12147?
3, 4049
What are the prime factors of 66163?
109, 607
What are the prime factors of 2822?
2, 17, 83
List the prime factors of 286.
2, 11, 13
List the prime factors of 44373.
3, 7, 2113
List the prime factors of 1732.
2, 433
What are the prime factors of 17012?
2, 4253
List the prime factors of 554.
2, 277
What are the prime factors of 294?
2, 3, 7
What are the prime factors of 12234?
2, 3, 2039
What are the prime factors of 1979?
1979
What are the prime factors of 2372?
2, 593
What are the prime factors of 8147?
8147
What are the prime factors of 1749?
3, 11, 53
What are the prime factors of 1274?
2, 7, 13
What are the prime factors of 29589?
3, 7, 1409
What are the prime factors of 644?
2, 7, 23
List the prime factors of 2238.
2, 3, 373
What are the prime factors of 725?
5, 29
List the prime factors of 5100.
2, 3, 5, 17
What are the prime factors of 53297?
223, 239
List the prime factors of 72230.
2, 5, 31, 233
What are the prime factors of 836?
2, 11, 19
What are the prime factors of 4759?
4759
What are the prime factors of 987?
3, 7, 47
What are the prime factors of 2041?
13, 157
What are the prime factors of 2778?
2, 3, 463
What are the prime factors of 6438?
2, 3, 29, 37
What are the prime factors of 3928?
2, 491
List the prime factors of 10813.
11, 983
List the prime factors of 2560.
2, 5
What are the prime factors of 1447?
1447
What are the prime factors of 21157?
21157
List the prime factors of 75504.
2, 3, 11, 13
List the prime factors of 8906.
2, 61, 73
List the prime factors of 14317.
103, 139
What are the prime factors of 26096?
2, 7, 233
List the prime factors of 130892.
2, 43, 761
What are the prime factors of 5044?
2, 13, 97
List the prime factors of 88550.
2, 5, 7, 11, 23
List the prime factors of 7939.
17, 467
List the prime factors of 61870.
2, 5, 23, 269
What are the prime factors of 2521?
2521
What are the prime factors of 496?
2, 31
List the prime factors of 460.
2, 5, 23
List the prime factors of 54248.
2, 6781
List the prime factors of 7782.
2, 3, 1297
List the prime factors of 4952.
2, 619
What are the prime factors of 728?
2, 7, 13
What are the prime factors of 106?
2, 53
What are the prime factors of 21847?
7, 3121
List the prime factors of 59005.
5, 11801
What are the prime factors of 2399?
2399
What are the prime factors of 3167?
3167
List the prime factors of 4101.
3, 1367
What are the prime factors of 26332?
2, 29, 227
What are the prime factors of 21945?
3, 5, 7, 11, 19
What are the prime factors of 3293?
37, 89
What are the prime factors of 49246?
2, 24623
What are the prime factors of 55623?
3, 18541
List the prime factors of 57591.
3, 79
List the prime factors of 195.
3, 5, 13
List the prime factors of 655.
5, 131
List the prime factors of 1149.
3, 383
List the prime factors of 501.
3, 167
What are the prime factors of 23378?
2, 11689
List the prime factors of 31144.
2, 17, 229
List the prime factors of 33253.
11, 3023
List the prime factors of 48526.
2, 19, 1277
What are the prime factors of 9981?
3, 1109
List the prime factors of 188.
2, 47
List the prime factors of 14749.
7, 43
What are the prime factors of 3126?
2, 3, 521
What are the prime factors of 2650?
2, 5, 53
List the prime factors of 4285.
5, 857
List the prime factors of 7938.
2, 3, 7
List the prime factors of 3808.
2, 7, 17
List the prime factors of 4553.
29, 157
List the prime factors of 1547.
7, 13, 17
What are the prime factors of 30756?
2, 3, 11, 233
List the prime factors of 1649.
17, 97
What are the prime factors of 44620?
2, 5, 23, 97
What are the prime factors of 3027?
3, 1009
List the prime factors of 616.
2, 7, 11
What are the prime factors of 5747?
7, 821
List the prime factors of 4431.
3, 7, 211
List the prime factors of 31028.
2, 7757
What are the prime factors of 346?
2, 173
What are the prime factors of 363?
3, 11
What are the prime factors of 37331?
7, 5333
List the prime factors of 56921.
56921
List the prime factors of 811.
811
List the prime factors of 2822.
2, 17, 83
What are the prime factors of 96?
2, 3
List the prime factors of 996.
2, 3, 83
What are the prime factors of 2162?
2, 23, 47
List the prime factors of 1857.
3, 619
What are the prime factors of 1452?
2, 3, 11
What are the prime factors of 7509?
3, 2503
What are the prime factors of 12669?
3, 41, 103
What are the prime factors of 107142?
2, 3, 7, 2551
What are the prime factors of 13706?
2, 7, 11, 89
List the prime factors of 15557.
47, 331
List the prime factors of 6235.
5, 29, 43
List the prime factors of 504.
2, 3, 7
List th